41. Let a = u + -11. List the prime factors of a.
2, 3, 5
What are the prime factors of 0 + 47 + (2 - 0)?
7
Let a be -27 + (-1 + 1)/(-1). Suppose -6*z - 95 = -z. Let s = z - a. What are the prime factors of s?
2
Let i = 71 + 53. List the prime factors of i.
2, 31
Let b(y) = y**2 - 3*y + 1. Let c be b(1). List the prime factors of 23/2 + c/(-2).
2, 3
Let p(t) = -t + 13. List the prime factors of p(11).
2
Let z(o) = -3*o - 9*o - o**3 + 13*o + 26 + o**2. What are the prime factors of z(0)?
2, 13
Let p = 160 - 117. What are the prime factors of p?
43
Let t(q) = q**3 - 8*q**2 + 4*q - 1. Let k be t(7). List the prime factors of (-10)/4*k/5.
11
Suppose 3*v - 15 + 0 = 0. Suppose v*j = -4*d + 21, -5*j - d + 1 = -23. What are the prime factors of j?
5
Let z = 9 + -6. Suppose -3*j - 6 = z*v, -v - v = 5*j + 16. List the prime factors of v.
2
What are the prime factors of 3 + ((-3)/((-12)/1252) - -1)?
317
Suppose -2*z = -5*h + 36 + 54, -2*z = 4*h - 90. List the prime factors of h.
2, 5
Suppose 3*w - 3 - 3 = 0. Suppose -43 = -3*m - j, -w*m + 6*j - j = -23. List the prime factors of m.
2, 7
Suppose -o + 0*o = -h - 30, -170 = -5*o - 5*h. What are the prime factors of o?
2
Let h(a) = 3*a**3 - 8*a - 4*a**3 + 7*a + 4. Let k be h(0). Suppose -2*n - 2*w = -n - 2, 8 = -k*w. List the prime factors of n.
2, 3
List the prime factors of ((-120)/5 + 1)*-1.
23
Suppose 0 = 4*v - 3*f - 371, -v - 2*v - 3*f + 252 = 0. What are the prime factors of v?
89
Let t(q) = -q + 2*q**2 + 2 + 0*q - 3. Let y = 23 + -21. List the prime factors of t(y).
5
Let b(l) = l**2 + 1 - 2*l - 2 - 3. Let k be b(4). Suppose -2*m + k = -8. List the prime factors of m.
2, 3
Suppose 82 = 4*d - 3*w, -d + 6*d - 2*w - 99 = 0. What are the prime factors of d?
19
Let z be 2 + (0/(-3))/3. Let t be 115/25 + z/5. Let k(i) = -i**3 + 6*i**2 - 4*i + 7. What are the prime factors of k(t)?
2, 3
Let s(w) = w**2 - 5*w - 1. Let t be s(5). Let x = 4 - t. List the prime factors of x.
5
What are the prime factors of 1 + -1 + (-4)/(-2) - -199?
3, 67
Let x(b) = 2*b - 3. Let a(v) = -v - 5. Let q be a(-7). Let r be -1*(q + -3) - -2. What are the prime factors of x(r)?
3
Suppose -31*v - 334 = -32*v. List the prime factors of v.
2, 167
Let c = -306 + 535. List the prime factors of c.
229
Suppose 4*s - 9 = 7. Suppose 4*n - 4 = s. List the prime factors of n.
2
Suppose -2*l = 2*d, -4*d + 24 = -2*l - 2*l. Suppose x = 3*h - 136, -2*h - d*x + 69 = -8*x. List the prime factors of h.
47
Let p(i) be the first derivative of i**4/4 - 2*i**3/3 + i**2 + 2*i + 1. Let g be p(2). What are the prime factors of g - (3 + -1 - 0)?
2
Let n be ((-30)/(-18))/((-1)/6). Let r = -4 - n. What are the prime factors of r?
2, 3
What are the prime factors of ((-24)/7)/(12/(-126))?
2, 3
Suppose -3*d - q = -3*q - 106, -3*d + 3*q = -108. List the prime factors of d.
2, 17
What are the prime factors of (-5)/((-30)/16)*(-975)/(-20)?
2, 5, 13
Let w(n) = -n**3 + 13*n**2 - 6*n + 5. List the prime factors of w(7).
257
Let l(v) = 4*v - 23*v**2 + 0*v - 3*v. Let m be l(-1). Let o = -11 - m. List the prime factors of o.
13
Let j be 12*-1*(-1)/2. Suppose 35 = j*x - x. Suppose 2 = p - x. List the prime factors of p.
3
What are the prime factors of 274/(16/7 + 14/(-49))?
137
Let h be 0*(-3)/(-3) - -3. Suppose 3*l + h - 9 = 0. Suppose -l = -d + 9. List the prime factors of d.
11
Suppose -3*l = -0*l - 21. List the prime factors of l.
7
Suppose -f + 220 = -39. List the prime factors of f.
7, 37
Let x be (45/(-12))/5*4. Let w(c) = c**3 + 2*c**2 - 4*c - 2. Let v be w(x). Suppose 2*g = 15 + v. List the prime factors of g.
2
Suppose -5*m + c + 43 + 45 = 0, c - 92 = -5*m. What are the prime factors of m?
2, 3
Suppose 4*y = -4*d + 372, -3*d + 150 = -3*y - 129. List the prime factors of d.
3, 31
Suppose 0 = -2*r + f - 2, -4*f - 18 = -r + 6*r. Let p be (r/3)/(4/(-18)). Let j = 0 + p. List the prime factors of j.
3
Let g(h) = 15*h - 9. What are the prime factors of g(3)?
2, 3
Suppose 0 = -s - 5*j + 169 + 83, -5*s = 4*j - 1260. List the prime factors of s.
2, 3, 7
Suppose 0 = -w - 0 - 5, -4*w - 2 = 2*h. Suppose 3*b - 15 = h. List the prime factors of b.
2
Let c(v) be the first derivative of v**2 - v - 2. Let x = -5 + 9. List the prime factors of c(x).
7
Suppose 3*y + 3 - 9 = 0, 0 = z - 5*y + 6. Suppose 2*s + 18 = z*s. List the prime factors of s.
3
Let l(o) = -o**3 + 5*o**2 + 8*o - 7. Suppose 7 = g + 1. What are the prime factors of l(g)?
5
Suppose 4*j - 560 = -n - 3*n, -4*j + 578 = -5*n. List the prime factors of j.
2, 71
Suppose -135 = 3*f - 6*f. What are the prime factors of f?
3, 5
What are the prime factors of (111 - -1) + -1 + 0/14?
3, 37
Let o(a) = a + 8. Let b be o(0). List the prime factors of (6/b)/(3/108).
3
Let m be 1/(-3) + (-70)/6. Let q = 22 + m. What are the prime factors of q?
2, 5
Suppose -4*h - 88 = -q + 61, 4*q - 4*h - 596 = 0. List the prime factors of q.
149
Suppose y - 12 = -0*y. What are the prime factors of y?
2, 3
Let c = -3 - -6. Suppose 2*y - x - x = -2, -3*x = c*y - 21. What are the prime factors of 3/y - (-17)/1?
2, 3
Suppose -2*a + 4*a + r = 15, -2*r = 5*a - 40. List the prime factors of a.
2, 5
Suppose -f - 3*f = -12. Suppose 48 = f*o - 3*p, -2*o + 13 + 4 = 3*p. What are the prime factors of o?
13
Let v(g) = g**2 - 5. What are the prime factors of v(-8)?
59
Suppose 5*r + 207 = 2*r. Let k = 104 + r. List the prime factors of k.
5, 7
Suppose 3*n - 5*c = 389, -4*c = -4*n + 44 + 464. What are the prime factors of n?
3, 41
Suppose -5*y = -4*t + 3*t - 11, -3*y + 5*t = -11. Suppose y*u = 3*u + f - 2, 5*u = 2*f + 10. What are the prime factors of u?
2
Suppose 0 = o - 2*f + 8, -f - 2 = -5*o + 3. Suppose -20 = 5*n, 3*n + 15 = o*b - 9. List the prime factors of b.
2, 3
Let l(r) = 9*r + 1. List the prime factors of l(3).
2, 7
Suppose 5*x - 14 = -144. Let y = -13 - x. What are the prime factors of y?
13
Let z be -1*(0/2)/1. Let v = -63 + 125. Suppose 2*b - a - 23 = -z*a, 0 = -3*b - 4*a + v. What are the prime factors of b?
2, 7
Suppose 3 = f - 3. List the prime factors of ((0 - 0) + 3)*f.
2, 3
Let j(b) = b**3 + 5*b**2 - 4*b - 4. Let i(p) = -14*p**2 - 2*p**3 + 14*p - 2*p - p + 11. Let o(k) = 4*i(k) + 11*j(k). List the prime factors of o(1).
2
Let j be ((-16)/(-10))/((-2)/(-45)). Let p = -17 + j. What are the prime factors of p?
19
Let i(v) = -2*v**3 - 4*v**2 + v + 2. Let h be i(-3). Suppose q - h - 18 = 0. What are the prime factors of q?
5, 7
Suppose 2*z - 81 = 249. List the prime factors of z.
3, 5, 11
Let y(x) be the first derivative of -x**4/4 + 2*x**2 - 4*x + 3. What are the prime factors of y(-4)?
2, 11
Let q be (-3)/15*-3*5. Suppose -q = y - 10. List the prime factors of y.
7
Let x be 2/(-10) + 64/20. Suppose -x*s = -3*p - 36, 0 = -s - 5*p + 39 - 9. List the prime factors of s.
3, 5
Let i(b) = b**3 - 3*b**2 + 3*b - 4. Let r be i(3). Suppose r*j = -j + 252. What are the prime factors of j?
2, 3, 7
Let h = -168 + 301. What are the prime factors of h?
7, 19
Let x(a) = -8*a**3 - 2*a**2 - 2*a - 1. Let v be x(-1). Let q(b) = -v*b**2 - b**3 - b**2 + 4 + 2*b**3. List the prime factors of q(8).
2
Suppose -y - 3*f + 20 = 0, -5*y + 5*f = 1 - 41. List the prime factors of y.
11
Let p(o) = -7*o + 14. Let g(y) = -y + 1. Let z(c) = 5*g(c) - p(c). Let m be z(7). Let s = m - 1. What are the prime factors of s?
2
Suppose -3*i + a + 18 = -58, -134 = -5*i - 2*a. List the prime factors of i.
2, 13
Let s(z) = z**2 + 9*z - 8. Let y be s(-10). Suppose -y*k = -104 + 6. What are the prime factors of k?
7
Suppose -j + 5 = -3*v + 55, 3*j = -5*v + 60. Suppose 3*p - v = 9. List the prime factors of p.
2
Let y(f) = -2*f - 7. Let h be y(-5). Suppose r + 13 = 4*o, 4*r = h*o + o - 28. Let k(x) = x**2 + 4*x - 2. List the prime factors of k(r).
3
Let m(j) = -7*j + 1. Let h be m(1). Let s be ((-4)/h)/((-2)/(-18)). Suppose 3*w - 9 = -0*w + 3*a, 2*a - s = -w. What are the prime factors of w?
2
Let c = 33 + -18. List the prime factors of c.
3, 5
Let p(d) = d**2 - 6*d + 3. Let g be p(6). What are the prime factors of (18/4)/(g/4)?
2, 3
Suppose -5*b + 13 = -0*b - 2*x, -3*x = -4*b + 9. What are the prime factors of (-2)/b + (-325)/(-15)?
3, 7
Suppose -5*k + 9 = -11. Let z be k/(-12)*(-1 + -11). Suppose 4*l + 3*a = 22, 4*l - 4*a + z = 3*l. List the prime factors of l.
2
Let s be ((-12)/4)/((-6)/220)